. Is z a composite number?
False
Let w(k) = -k**3 + 4*k**2 - 2*k. Let d be w(3). Suppose -5*y - 3*b + 7 = 0, d*y - y - 3*b = 7. Is (-31)/((-3)/18*y) a prime number?
False
Let y = 1 - -3. Let g be ((-1)/y)/(5/(-100)). Suppose 0*a = 2*x + 5*a + 19, g = -a. Is x composite?
False
Let l = 11 + -13. Let z be 1790/(l - (-2 + -2)). Suppose -j - 4*g = -0*j - 185, 5*j + 5*g = z. Is j a prime number?
False
Suppose 5*q + 8*b - 6*b = 289357, -289351 = -5*q + 4*b. Is q a composite number?
True
Is (3 + (-1)/((-4)/(-16)))*-3433 a prime number?
True
Suppose 2*p - 13 - 1 = 0. Suppose -p*v + 176 = -3261. Is v a prime number?
True
Suppose -3*t + 5*c = t + 49, 3*t - 3*c = -33. Suppose n - 2*n = -43. Let k = n + t. Is k prime?
True
Let l be 5 + -8 - (89 + 0 + 0). Is -1 + (-23)/(l/9240) a composite number?
False
Let s = 13 - 16. Let z = 6 + s. Suppose z*w - 1181 = 274. Is w composite?
True
Suppose -15138 = -8*g + 155030. Is g a prime number?
False
Let n = 4829 + -3024. Let c = -1164 + n. Is c a prime number?
True
Suppose 4*j + q + 1192 = 0, -j - 319 = -8*q + 3*q. Let x = j + 465. Is x prime?
False
Let r(b) be the first derivative of -9/2*b**2 - 3*b - 6. Is r(-6) a composite number?
True
Let o(y) = -338*y - 2. Let v(t) = 1. Let w(s) = o(s) - 5*v(s). Is w(-2) a composite number?
True
Let q(t) = -5*t**3 + 3*t**2 + 26*t + 3. Is q(-5) prime?
False
Suppose 6*u = 4*u + 2*l - 42, 4*u - 2*l + 74 = 0. Let v(g) = -43*g - 21. Is v(u) a prime number?
False
Let a be ((-6)/(-9))/(6/171). Let x = 8 - a. Is (x/(-22))/(2/764) composite?
False
Let a = -55 + 79. Let o be ((-6)/4)/((-9)/a). Suppose -o*n + 312 = 4*x - 0*x, -5*x - 2*n + 393 = 0. Is x composite?
False
Let j be 0/(-1 + 0 + -1). Let g(o) = -3*o - 444. Let u be g(j). Let y = u + 635. Is y a prime number?
True
Suppose 2*g = -3*q + 18292, 15*g - 16*g + 3*q + 9137 = 0. Is g prime?
False
Suppose -2*t = 3*t - 80285. Is t a prime number?
True
Is (6 - 11) + 1/(2/14016) prime?
False
Suppose 4*b + 4 - 12 = 0. Suppose b*s - t = -65 + 308, 0 = 3*s - 3*t - 366. Is s a composite number?
True
Suppose -89*h - 3*h + 596436 = 0. Is h a prime number?
False
Let z(o) = 6*o**2 + 26*o - 55. Suppose -9*c + 11*c + 46 = 0. Is z(c) a composite number?
False
Suppose -36410 + 111370 = 16*m. Is m a prime number?
False
Let b(o) = -4*o + 34. Let y be b(8). Suppose y - 6 = 4*z, 3*m = -5*z + 4408. Is m a composite number?
False
Suppose 4*a - 3 = 3*a. Is (-2)/(a - 9740/3244) a prime number?
True
Suppose a + 3*p = -4, -3*p - p = 12. Suppose a*b + k + k = 6291, 3*b - 3786 = -5*k. Is b a composite number?
True
Suppose 3*h - j + 22 = 0, -3 = 5*h - 2*j + 33. Let g = h - -945. Is g prime?
True
Suppose 4*s = 398 - 22. Suppose 2*v - 496 = -s. Is v a prime number?
False
Let z(l) = -4*l + 70. Let f(g) = g - 23. Let i(x) = 11*f(x) + 4*z(x). Is i(-26) prime?
True
Suppose 0 = -3*g + 4*y - 19681 + 65884, -30802 = -2*g - 5*y. Is g prime?
True
Let k be 9/18*(1 + 1 + -2). Suppose -3*r - 3*y + 1758 = k, -5*r + 5*y = -3636 + 736. Is r composite?
True
Let s(p) = 19*p + 30*p + 118 - 106. Is s(5) composite?
False
Let g(b) be the third derivative of b**6/120 - 11*b**5/60 - b**4/24 + 7*b**3/3 - 4*b**2. Let x be g(11). Is x - (-537 - 1/1) prime?
True
Suppose 0 = -3*d - 2*p - 3008, 5*d + 4*p - 2129 + 7143 = 0. Let a = -493 - d. Is a prime?
True
Let f = 158066 - 62231. Suppose -15*x = -0*x - f. Is x a prime number?
True
Let q = 14 - 9. Let p be (-3)/q + 18/30. Suppose -o + 0*o + 13 = p. Is o prime?
True
Let h = -11 - -92. Let p = 39 - h. Is (p/(-12))/(2/268) a prime number?
False
Suppose -3*m = -3*z - 2*z + 2395, 4*m + 958 = 2*z. Is z a prime number?
True
Let b = -5929 - -8432. Is b a composite number?
False
Let f = -1171 - -2129. Is f a composite number?
True
Let y = -1062 - -2735. Is y a prime number?
False
Suppose -13*s = -107713 + 16752. Is s composite?
False
Let u be (2 + -1 - -328)*1. Suppose c - 4 - 1 = 0. Suppose -2*k - 16 = -z + 57, -k - u = -c*z. Is z composite?
True
Let h(j) = 147*j - 103. Is h(2) composite?
False
Let k = 10 + -12. Let h be 14/(-28) + (-9)/k. Suppose -h*q + 33 = -43. Is q a composite number?
False
Let z = -753 + 4090. Is z composite?
True
Suppose 0 = -w + 832 - 201. Is w prime?
True
Suppose 80*x + 25072 = 4*i + 84*x, 0 = 2*i + x - 12531. Is i composite?
False
Suppose -49 = 3*n - 52. Is n*2/(-2)*(-1172)/4 a composite number?
False
Let s be 2 - (-1)/(-2)*(0 + 0). Suppose 0 = 3*x + s*m - 7313, -4 = -3*m + 8. Is x a composite number?
True
Let w = -7 + 8. Let u be (0 - (-534 + w))*1. Suppose 2*k = -5*i + 1785, 202 = 2*i + 5*k - u. Is i prime?
False
Let m(o) = o + 14. Let v be m(-10). Suppose -3*a + 8*a = 5*f - 5175, v*a + 2062 = 2*f. Is f prime?
True
Suppose -4*m - 2*n + 8 = 0, 0 = 5*m - 5*n - 20 - 5. Suppose -m*t - 2*t + 2495 = 0. Is t composite?
False
Let y(w) = 1281*w - 175. Let r(u) = 0 + 2 - 25*u - 55*u + 9. Let f(q) = 63*r(q) + 4*y(q). Is f(4) a prime number?
False
Let s(t) = 73*t. Let l = -6 - -15. Let w be s(l). Let r = -446 + w. Is r composite?
False
Let d(m) = 4*m - 10. Let b be d(3). Let s(r) = 131*r**2 - 5*r + 7. Is s(b) prime?
True
Let b = -7 + 16. Suppose -14*z + 8*z + 24 = 0. Suppose b*d - 255 = z*d. Is d composite?
True
Let g(p) = p - 2. Suppose -5 + 21 = 4*w. Let x be g(w). Is (-716)/(-12) + x/(-3) a prime number?
True
Let x(l) = 73*l**2 - 4*l - 18. Is x(-7) composite?
True
Suppose 2*m - 2*k = 46, 3*m = 2*m - 2*k + 26. Suppose -3*w - 3*h = 0, -2*w + 0*h = -4*h - m. Suppose -5*y - 3125 = -w*u - 0*y, 4*u + 5*y = 3155. Is u composite?
True
Let n = 34 - 101. Suppose 0 = -4*q - 66 + 482. Let u = q + n. Is u prime?
True
Let v(m) be the first derivative of -m**4/4 - 14*m**3/3 - 7*m**2 - 18*m + 6. Is v(-17) prime?
True
Suppose -z = -2*z + 24. Let c = -19 + z. Suppose c*n + 0*n = 1495. Is n a composite number?
True
Suppose 0 = -o + 4*y - 8161, -3*o = 2*y + 15643 + 8798. Let v = -5820 - o. Is v prime?
False
Let d = -1990 - -7411. Let l = d + -3668. Is l a prime number?
True
Let p(i) = 920*i**2 - 27*i - 27. Is p(-8) a composite number?
False
Let w = 4613 + 2334. Is w prime?
True
Let p(w) = -w**3 - 32*w**2 + 21*w + 119. Is p(-36) a prime number?
True
Suppose 0*y = 2*l - y + 10, y - 16 = 4*l. Let t be (l - 0/(-3)) + 7. Suppose -161 = -t*x + 3*x. Is x a prime number?
False
Suppose 890*g = 867*g + 38111. Is g composite?
False
Let c(h) = 44*h + 5. Let f be c(4). Suppose -10 = -m + f. Is m composite?
False
Let i be -1*(2 - (-1 + 3)). Suppose -15025 = -5*s + 5*x - 4*x, 0 = 3*s + 2*x - 9002. Suppose 4*u = -i*u + s. Is u a composite number?
False
Suppose 5*t = -2*c - 2*c + 3, -4*t = 2*c. Let o(k) = -3*k - 3. Let p be o(t). Is p + 2/(-2) + 1212 composite?
True
Suppose -5*i = 6 - 1, -5*g + i = -36. Suppose -10 = 2*y, 0 = 2*h - g*h - 5*y + 3360. Is h prime?
True
Let l(k) = -6*k + 3. Let b be l(2). Let m be 174/((b/8)/(-3)). Suppose -35 = -v + m. Is v composite?
False
Suppose 580 = 47*l - 43*l. Is l a composite number?
True
Suppose -33*b + 297706 = -452681. Is b composite?
False
Let v(b) = -2*b - 4. Let n be v(-3). Suppose 5*m = -l + 464, -5*m = n*l + l - 1422. Is l prime?
True
Let o(z) = 2017*z**2 + 6*z + 7. Let h be o(-2). Suppose 9*q - h = -2*q. Is q a composite number?
False
Let u = -2739 + 4088. Let c = u - 598. Is c prime?
True
Let v = -648 + 1612. Let c = -407 + v. Is c a composite number?
False
Suppose 0 = i - 0*i - 4. Is 4/(4/1185) - i a composite number?
False
Is (580/174)/((4/219)/2) prime?
False
Let h = 4100 - 2451. Let a = h - 1018. Is a prime?
True
Is (4/6)/((-12)/(-152946)) a prime number?
False
Let s(z) = z**3 - z**2 - 2*z + 5. Let u be s(0). Suppose -5 = -u*g + 5. Is 690/20*g*1 composite?
True
Let n be (-22)/(-8)*2*6. Let c = -123 + n. Let t = c + 209. Is t composite?
True
Suppose 586 = i - 646. Suppose 0 = 4*z - 4*p - i, 4*z = -p - p + 1226. Is z a composite number?
False
Let f = 14 + -11. Suppose -2*y + f*y = 3. Suppose y*g - 4 = 8, 0 = -x + 2*g + 123. Is x a composite number?
False
Suppose -4*s + 31 = 5*y, -3*y + 17 + 12 = 5*s. Suppose 5*a = 7*o - s*o + 19085, 11451 = 3*a + o. Is a a prime number?
False
Let h(v) = -277*v - 7. Is h(-4) a prime number?
False
Is -2*5/(-10)*28673 composite?
True
Is (-6194)/(4 - (6 - (-3 - -3))) prime?
False
Let h = 27 + 272. Is h a composite number?
True
Suppose 0 = d + 4*s - 171, -d + 5*d - 710 = -3*s. Let o(k) = -